sor of 28 and 82756?
4
What is the greatest common factor of 25 and 11019475?
25
Calculate the highest common divisor of 56539 and 1148.
287
What is the highest common divisor of 6 and 45122?
2
Calculate the greatest common divisor of 75 and 4143.
3
Calculate the highest common factor of 21 and 216069.
21
Calculate the highest common divisor of 4 and 59446.
2
Calculate the highest common factor of 19530 and 686.
14
What is the greatest common divisor of 20 and 67330?
10
What is the greatest common factor of 4800339 and 9?
9
What is the highest common factor of 55405 and 10?
5
What is the greatest common factor of 443961 and 14?
7
Calculate the highest common divisor of 90663 and 1081.
47
What is the highest common divisor of 56660 and 20?
20
Calculate the greatest common factor of 1407 and 444.
3
Calculate the highest common divisor of 396 and 86988.
132
What is the highest common factor of 68 and 1851266?
34
Calculate the greatest common factor of 260 and 430586.
26
What is the highest common factor of 77 and 79893?
11
Calculate the highest common divisor of 3550 and 250.
50
Calculate the highest common divisor of 223522 and 78.
26
Calculate the greatest common divisor of 11224 and 1196.
92
Calculate the greatest common factor of 1539 and 4275.
171
What is the greatest common divisor of 1177320 and 120?
120
What is the greatest common factor of 191 and 117847?
191
What is the highest common divisor of 4372 and 164?
4
What is the greatest common divisor of 6 and 586386?
6
What is the highest common factor of 1403 and 667?
23
Calculate the highest common factor of 38 and 54245.
19
What is the greatest common factor of 33 and 9165?
3
What is the highest common divisor of 7 and 187341?
7
What is the greatest common divisor of 25441 and 16549?
247
What is the greatest common divisor of 9456 and 5304?
24
Calculate the highest common divisor of 3238 and 2.
2
Calculate the highest common divisor of 4110 and 20.
10
What is the highest common factor of 548 and 9179?
137
Calculate the highest common divisor of 216673 and 1945.
389
Calculate the greatest common factor of 10839 and 24.
3
Calculate the greatest common factor of 10062 and 1196.
26
What is the greatest common factor of 14 and 2269106?
14
What is the highest common divisor of 697 and 17731?
17
Calculate the greatest common divisor of 68 and 245164.
4
Calculate the greatest common divisor of 622059 and 9.
3
Calculate the highest common factor of 194388 and 1455.
291
Calculate the greatest common factor of 13625 and 311195.
545
What is the highest common factor of 1872 and 57720?
312
What is the highest common divisor of 96 and 13923?
3
What is the greatest common factor of 211237 and 13?
13
What is the greatest common divisor of 161 and 601220?
23
Calculate the greatest common factor of 81422 and 517.
11
What is the greatest common divisor of 565 and 89609?
113
Calculate the greatest common factor of 421354 and 54840.
914
What is the greatest common divisor of 218 and 16023?
109
Calculate the greatest common divisor of 2967 and 2484.
69
What is the greatest common factor of 15688 and 1272?
424
Calculate the greatest common factor of 9 and 4633911.
9
Calculate the highest common factor of 199471 and 1510.
151
Calculate the highest common factor of 688 and 135794.
86
What is the highest common divisor of 404901 and 252?
63
What is the highest common factor of 6193 and 761176?
563
What is the greatest common divisor of 374920 and 2912?
728
Calculate the highest common divisor of 609857 and 298.
149
What is the greatest common divisor of 1428384 and 192?
96
What is the greatest common divisor of 51104 and 16?
16
Calculate the greatest common divisor of 671 and 10483.
11
Calculate the greatest common divisor of 2420 and 117080.
20
Calculate the highest common divisor of 15570 and 60.
30
What is the highest common divisor of 86 and 884897?
43
What is the highest common factor of 243811 and 4072?
509
What is the greatest common factor of 20 and 280495?
5
Calculate the greatest common divisor of 871 and 83013.
67
Calculate the highest common factor of 396 and 1832820.
132
What is the greatest common factor of 2 and 62507?
1
What is the highest common factor of 34 and 25202194?
34
What is the greatest common divisor of 26128 and 4784?
368
What is the greatest common factor of 45 and 25983?
9
Calculate the highest common divisor of 3642 and 4956.
6
Calculate the highest common divisor of 6360 and 4380.
60
Calculate the greatest common factor of 12930 and 22.
2
What is the highest common divisor of 2803616 and 48?
16
Calculate the highest common factor of 137657 and 234.
13
What is the greatest common factor of 8815554 and 68?
34
What is the greatest common divisor of 1656 and 184?
184
What is the greatest common factor of 356 and 83482?
178
Calculate the highest common divisor of 124018 and 118.
118
What is the greatest common divisor of 105665 and 35?
35
What is the greatest common factor of 5497 and 125?
1
Calculate the highest common factor of 39 and 448149.
39
Calculate the greatest common factor of 598 and 5538.
26
What is the highest common factor of 462 and 101766?
42
What is the greatest common factor of 20790 and 1320?
330
Calculate the highest common factor of 14484 and 96.
12
What is the highest common divisor of 6777 and 81?
27
What is the highest common divisor of 48580 and 12?
4
What is the greatest common divisor of 875 and 18655?
35
What is the highest common factor of 1260 and 860300?
140
What is the highest common factor of 345 and 220179?
69
Calculate the highest common divisor of 154 and 28666.
22
Calculate the highest common divisor of 10476 and 1350.
54
What is the greatest common factor of 18 and 400662?
18
What is the highest common divisor of 12 and 15100?
4
What is the highest common divisor of 49495 and 1045?
95
What is the highest common factor of 1817 and 5589?
23
Calculate the greatest common divisor of 317 and 10219129.
317
What is the greatest common divisor of 7000 and 99500?
500
Calculate the greatest common divisor of 49632 and 252.
12
Calculate the greatest common factor of 192609 and 279.
9
Calculate the highest common factor of 15 and 415785.
15
Calculate the highest common divisor of 12808302 and 13.
13
Calculate the greatest common divisor of 781263 and 63.
63
Calculate the highest common divisor of 417 and 356952.
417
Calculate the greatest common divisor of 2519 and 121.
11
What is the greatest common divisor of 288855 and 55125?
2205
What is the highest common divisor of 4949 and 637?
49
What is the greatest common factor of 22 and 18302471?
11
What is the greatest common factor of 2343 and 490539?
213
Calculate the highest common factor of 112200 and 9724.
748
What is the highest common divisor of 923 and 13?
13
Calculate the highest common factor of 22438 and 598.
26
What is the highest common divisor of 9 and 14004?
9
What is the highest common divisor of 455136 and 1472?
32
Calculate the highest common divisor of 99 and 459.
9
What is the highest common factor of 896 and 3008?
64
What is the highest common factor of 12766 and 605894?
982
What is the highest common divisor of 154 and 9926?
14
What is the greatest common divisor of 8757 and 18?
9
What is the greatest common divisor of 150 and 1356?
6
What is the greatest common divisor of 157697 and 1457?
31
What is the highest common factor of 280 and 3787140?
140
What is the greatest common divisor of 157131 and 533?
13
Calculate the greatest common factor of 449123 and 11339.
493
What is the highest common factor of 803394 and 18?
18
What is the greatest common factor of 938 and 454394?
134
Calculate the greatest common factor of 78 and 3864666.
78
What is the greatest common divisor of 5681 and 137161?
19
Calculate the greatest common divisor of 16 and 68732.
4
What is the highest common factor of 770 and 430?
10
Calculate the highest common factor of 27064 and 152.
8
What is the greatest common factor of 280901 and 1093?
1093
What is the highest common divisor of 40 and 10620?
20
Calculate the greatest common factor of 96 and 1554.
6
Calculate the greatest common factor of 126 and 10251.
9
Calculate the greatest common factor of 621 and 3483.
27
Calculate the greatest common divisor of 2361 and 111.